01)). Let n = s + u. What are the prime factors of n?
2, 3, 5
Let x(m) = -m**3 + 15*m**2 - 3*m + 19. Let b be x(14). Let p = 339 - b. Suppose 5*z = 7*z - p. What are the prime factors of z?
83
Let p(v) = -21*v**2 - 3*v - 3. Let o be p(-2). Suppose 2*r = 4*f + 6*r - 520, 3*r = 0. Let i = o + f. What are the prime factors of i?
7
Let c = 480 - 458. Let o(g) = -g**2 + 46*g + 117. What are the prime factors of o(c)?
3, 5, 43
Let p(m) = m**3 + 76*m**2 - 176*m + 701. What are the prime factors of p(-77)?
2, 2081
Suppose -3*k = -3*i + 228, 3*k - 46 = 5*i - 420. Suppose i*u = 79*u - 3750. List the prime factors of u.
5
Let a = -190 + 218. Suppose -27308 = -a*h + 5172. List the prime factors of h.
2, 5, 29
Let c = 35693 - 19074. List the prime factors of c.
16619
Let n(i) = -21*i + 18. Let w(o) = 62*o - 53. Let v(g) = -17*n(g) - 6*w(g). Let z be v(6). Let q = 139 + z. List the prime factors of q.
61
Let r(o) = o**3 + 14*o**2 - 4*o - 53. Let j be r(-14). Suppose 1608 + 1209 = j*a. What are the prime factors of a?
3, 313
Let w(x) be the second derivative of x**4/12 + x**3 - x**2/2 + x. Let u = 1398 + -1410. What are the prime factors of w(u)?
71
Let a = -130874 - -204044. List the prime factors of a.
2, 3, 5, 271
List the prime factors of (-30882)/(-4)*(38 + -37 - 3/9).
5147
List the prime factors of 177*(56/9)/((-12)/(-90)).
2, 5, 7, 59
Let k(b) be the first derivative of 2*b**3/3 - 6*b**2 - 10*b + 14. Let j be k(11). What are the prime factors of (j/15)/(5/(45/6))?
2, 5
Suppose -3*h = 3*z - 2376, 9*h + z + 1581 = 11*h. What are the prime factors of ((-9)/3 - 1) + h + 2?
3, 263
Let l be (1029 - 120) + -1 + -1. Let t = l + -401. List the prime factors of t.
2, 11, 23
Suppose 0 = 21*m - 26*m + 3*x + 131647, -m + 3*x = -26339. What are the prime factors of m?
7, 3761
Let w be 1937 - 7/((-28)/(-24)). Let q = 3180 - w. List the prime factors of q.
1249
Suppose -4*p + 5*l = -15, p + 5 = -5*l + 15. Suppose -3*u - s = -1146, 4*u + 390 = p*u + 3*s. What are the prime factors of u?
3, 127
Let z(w) = 67*w. Let a be z(1). Let y be 215/(-43) + (-111)/3. Let g = a - y. List the prime factors of g.
109
Let z = -45 - -50. Suppose -z*p + 2601 = 206. List the prime factors of p.
479
Suppose k - 3*g = -3, -3*k + 2*g + 1 - 3 = 0. Suppose 5*v - 4*c - 13 + 130 = k, 51 = -2*v + 3*c. Let d = v - -142. What are the prime factors of d?
11
List the prime factors of (33080/(-30)*49/14)/((-4)/6).
7, 827
Let z(h) = -h**2 + 7*h - 1. Let u be z(3). Let c(y) = -y**3 + 14*y**2 - 4*y + 19. List the prime factors of c(u).
2, 13
Let d = -5225 - -5409. List the prime factors of d.
2, 23
Let k(c) = 9. Let w(z) = 18*z - 1. Let p(n) = -2*k(n) - w(n). Let l = -9 + 3. List the prime factors of p(l).
7, 13
What are the prime factors of (11 + -16 - 12)*-613?
17, 613
Let h(r) = 6*r**3 + 8*r**2 + 2*r. List the prime factors of h(5).
2, 3, 5
Suppose 2*d = 4*m - 25130, -340*d = -5*m - 343*d + 31462. List the prime factors of m.
6287
Let w = 31 + -189. Let t = 253 + w. Suppose 0 = 4*c - 5*c + t. What are the prime factors of c?
5, 19
Suppose -3*z + 4*v + 343 = 0, -14*z - v = -15*z + 116. Let s be ((-39)/4)/((-9)/24). Let a = s + z. What are the prime factors of a?
3, 7
Let i be (20 + 118)*((-14)/6 + 2). Suppose -89 = -3*q - 296. Let z = i - q. List the prime factors of z.
23
Let l = -5775 + 11780. What are the prime factors of l?
5, 1201
Suppose 18*x + 66*j - 502104 = 64*j, 2*x - 55784 = -2*j. List the prime factors of x.
5, 7, 797
Suppose 0 = -13*t + 28*t + 25110. Let w = -882 - t. List the prime factors of w.
2, 3, 11
Let a(k) = -k**3 - 9*k**2 + 7*k - 58. Let p be a(-10). What are the prime factors of ((-28)/98 - 5846/p)*2?
3, 139
Let t(a) be the second derivative of 7*a**2 + 0 + 4/3*a**3 + 14*a. What are the prime factors of t(9)?
2, 43
List the prime factors of 45*(11 + (-410)/(-15)).
3, 5, 23
Let o = -107 - -107. Suppose o = 129*q - 133*q + 2224. What are the prime factors of q?
2, 139
Let c(a) = 379*a - 374. What are the prime factors of c(24)?
2, 7, 89
Let s(n) be the first derivative of 4*n**3/3 + n**2 + 13*n - 67. Let f = 4 - 10. List the prime factors of s(f).
5, 29
Let j = 376 + -384. What are the prime factors of -539*((-6)/(-4))/(12/j)?
7, 11
Let n(b) = -133*b + 73. Let z be n(3). Let j = z + 734. What are the prime factors of j?
2, 3, 17
Let p = 14805 + -887. List the prime factors of p.
2, 6959
Let k = 1132 - -223. List the prime factors of k.
5, 271
Let d = -36 - -60. Let z be ((2 - -1) + -2)/(2 + -3). Let s = d + z. List the prime factors of s.
23
Let x = -31324 + 48680. List the prime factors of x.
2, 4339
Let n be (-18)/((27/(-12))/9). Suppose y + 4*k = n, -y + 3*k + 80 = -k. List the prime factors of y.
2, 19
Let i(u) = -31*u - 181. Let m be i(-6). Let x(h) = 0*h - 4*h - 5 - 2*h + 3*h**2. List the prime factors of x(m).
2, 5
Let v be (11 + (-184)/12)*(-2189 + -1). Suppose -21*u = v - 37903. What are the prime factors of u?
3, 11, 41
Suppose -32649 = -2*g - 3*v, 0 = 5*v - 3 - 12. List the prime factors of 6/14 - g/(-42).
389
What are the prime factors of 58198/(16/9 - 80/(-360))?
7, 4157
Let d = 817 + -873. Let g be 5509/42 - 1/6. Let c = g + d. What are the prime factors of c?
3, 5
Let f(o) = o**3 - 5*o**2 - 13*o + 7. Let n be f(5). Let w = -76 - n. What are the prime factors of ((-38)/(-6))/(w/(-702))?
13, 19
Suppose 3*v = 5*n - 14825, 254*v = -n + 250*v + 2988. What are the prime factors of n?
2, 7, 53
Suppose 2*g + 0 + 2 = -2*s, -14 = 2*g + 5*s. Let z = -21 + g. List the prime factors of 12/z + (-310)/(-6).
3, 17
Let r = -697 + 847. List the prime factors of 29867/17 - (-1 - r/(-170)).
7, 251
Let k(u) = 2*u**2 - 3*u - 17. What are the prime factors of k(4)?
3
Let c(g) = 12*g**3 + 14*g**2 - 28*g - 14. List the prime factors of c(9).
2, 601
Let q = 315 - -8487. What are the prime factors of q?
2, 3, 163
Let h(k) = k**3 + 6*k**2 + 11*k + 9. Let n be h(-4). Let f(w) = -25*w - 1. What are the prime factors of f(n)?
2, 37
Let c(i) be the first derivative of 11*i**2/2 - 8*i - 31. Let v be -1 + 20*((-34)/(-10) + -3). List the prime factors of c(v).
3, 23
Let i(l) = 8*l**3 + l. Let c be i(1). Let m be 4/3 - (-6)/c. Suppose -5*z + m*z = -366. What are the prime factors of z?
2, 61
Let s = 874 - 547. Suppose 6*j + s = 2607. List the prime factors of j.
2, 5, 19
Suppose -98 = 66*x - 73*x. Let a(r) = -r**2 + 24*r + 9. What are the prime factors of a(x)?
149
Let w be -1 + 2*1/(-2). List the prime factors of (-4)/(-3)*-60*w/4.
2, 5
Let w(c) = -28*c**3 - 2*c**2 + 3*c + 2. Let r = -209 + 207. What are the prime factors of w(r)?
2, 53
Let v(x) = x**3 - 19*x**2 - 44*x + 44. Let z be v(21). Suppose -z*t + 1603 = 5*t. List the prime factors of t.
229
Suppose 0 = 5*f - 1 - 19. Suppose 0 = a, -5*k = -0*k - f*a + 65. List the prime factors of 4/(-2) - (-121 - k).
2, 53
Let k be 20/110 - (-41508)/33. Suppose n + k = 5*q, 5*n + 754 = 4*q - 265. List the prime factors of q.
251
Suppose -f + 4*f - 15 = 0. Suppose -f*s - 8 = -s. Let b(h) = -6*h + 2. What are the prime factors of b(s)?
2, 7
Let i(o) = -67*o**3 + 32*o**2 + 12*o + 40. What are the prime factors of i(-7)?
5, 13, 29
Let c(l) = -155*l**2 - 7*l + 4. Let v(d) = 156*d**2 + 8*d - 5. Let p(b) = -7*c(b) - 6*v(b). Let g(x) = x - 8. Let y be g(7). What are the prime factors of p(y)?
2, 3, 5
List the prime factors of (453/(-302))/(6/(-185596)).
46399
Let n be (8/(-6))/((-2)/519). Suppose 60*q - 55*q - 1050 = 5*r, 3*q + 3*r = 636. Let a = n - q. List the prime factors of a.
3, 5
Let o = 20731 - 14030. What are the prime factors of o?
6701
Suppose 7*f = 3*f - s + 36, 3*f + 5*s = 27. Let a be 208/(-2)*(f + -10). Suppose a = -53*o + 55*o. What are the prime factors of o?
2, 13
Let l = -34 + 62. Let w = l + -33. Let i = w - -58. List the prime factors of i.
53
List the prime factors of 235/75 - 3 - 2033731/(-105).
7, 2767
Let r = 2042 + 113. Let z = 3407 - r. List the prime factors of z.
2, 313
Let m be (0 + (-1)/1)*1. Let r be (-8 - -8)/(0/2 + m). Suppose r = 11*f + 247 - 1743. What are the prime factors of f?
2, 17
Let v(c) = -14*c**3 + 2*c**2 - 167*c - 1432. List the prime factors of v(-9).
11, 13, 73
Let l(t) = t**3 + 4*t**2 + 6*t + 24. Let n be l(-4). Suppose o + 2*j - 982 = n, 3*j - 4*j = 2*o - 1949. What are the prime factors of o?
2, 3
Suppose 22 =